e 12, what is 97 - 18?
7b
In base 16, what is -aca - 3?
-acd
In base 15, what is -3 - 9b8?
-9bb
In base 3, what is 12120 - 22?
12021
In base 5, what is -1200 - 204?
-1404
In base 4, what is -2 + 22330?
22322
In base 5, what is 133004 + -4?
133000
In base 14, what is -29 + b?
-1c
In base 4, what is -23331 - -1?
-23330
In base 3, what is -12111210 + -2?
-12111212
In base 16, what is -14 + 1?
-13
In base 7, what is -104 - 2?
-106
In base 10, what is -359 - -20?
-339
In base 5, what is -32 - 4?
-41
In base 5, what is -131 - 30?
-211
In base 13, what is -19b + -3?
-1a1
In base 12, what is -1 - -32?
31
In base 7, what is -4 + 545?
541
In base 16, what is -1 + de?
dd
In base 13, what is -c1 + 4?
-ba
In base 11, what is -2a5 + 3?
-2a2
In base 10, what is 1 - -236?
237
In base 9, what is -310 + 0?
-310
In base 6, what is 33501 + -3?
33454
In base 7, what is -3552 + -6?
-3561
In base 14, what is 1 - 47?
-46
In base 12, what is 2b - -71?
a0
In base 11, what is 649 - -2?
650
In base 10, what is -4 - -86?
82
In base 5, what is -1 - -242?
241
In base 2, what is -101000000 - 1011?
-101001011
In base 10, what is -4 - -221?
217
In base 6, what is 24353 - 2?
24351
In base 16, what is -4 - -49?
45
In base 2, what is 110111001 - -101?
110111110
In base 10, what is -3725 - 0?
-3725
In base 13, what is 55 - -1c?
74
In base 12, what is 11 - -a1?
b2
In base 6, what is 4 + 12253?
12301
In base 3, what is -1122202 - -21?
-1122111
In base 6, what is -20 - 3?
-23
In base 10, what is 12 - 240?
-228
In base 7, what is 3322 + 3?
3325
In base 16, what is -577 - 13?
-58a
In base 6, what is -21 + -144?
-205
In base 14, what is -5531 + 3?
-552c
In base 3, what is 1012 + -1?
1011
In base 3, what is -2012 + 100?
-1212
In base 8, what is 161 - 1?
160
In base 13, what is -1 + -25?
-26
In base 4, what is 1002 - 10?
332
In base 4, what is 10 + 32?
102
In base 7, what is -162 + 24?
-135
In base 14, what is -5227 - -4?
-5223
In base 15, what is -14 - 2?
-16
In base 3, what is 10122 + -12?
10110
In base 5, what is 303 + -1?
302
In base 4, what is 3 - 20001?
-13332
In base 4, what is 203200 + -1?
203133
In base 16, what is 134 + 3?
137
In base 9, what is 14 - -27?
42
In base 10, what is 11 + -23?
-12
In base 7, what is -16 - 126?
-145
In base 12, what is -2 - -b61?
b5b
In base 12, what is 90 - -1?
91
In base 6, what is 34424 - 4?
34420
In base 3, what is 10 + -101111?
-101101
In base 13, what is 3 + 253?
256
In base 7, what is 1 + 64?
65
In base 4, what is -1 - 221103?
-221110
In base 2, what is -1100011 - 100?
-1100111
In base 4, what is 10 + 313312?
313322
In base 10, what is -5 + -114?
-119
In base 14, what is 9d - 3?
9a
In base 12, what is 8 - 64?
-58
In base 14, what is 260 + -3?
25b
In base 13, what is -b7 - -4?
-b3
In base 10, what is -9 - 1421?
-1430
In base 11, what is 7 + 8?
14
In base 11, what is -321 - 0?
-321
In base 8, what is 600 - 53?
525
In base 4, what is -2 + -1233?
-1301
In base 15, what is 87 - 6?
81
In base 14, what is -2 - 32?
-34
In base 9, what is 0 - -333?
333
In base 4, what is -33103 + 2?
-33101
In base 16, what is 6 - 3?
3
In base 14, what is -601 - -16?
-5c9
In base 6, what is -450 - -43?
-403
In base 12, what is -213 + -5?
-218
In base 15, what is 5 - -c2?
c7
In base 3, what is -2201002 - 11?
-2201020
In base 14, what is 2 + -265?
-263
In base 5, what is 124110 - -4?
124114
In base 11, what is -159 - 11?
-16a
In base 9, what is 1 + 24?
25
In base 6, what is 23 - 5?
14
In base 5, what is 4312 - 1?
4311
In base 10, what is -786 - 4?
-790
In base 7, what is 14431 + 0?
14431
In base 4, what is -220112 + 1?
-220111
In base 14, what is -4 + 146?
142
In base 7, what is -251 - 6?
-260
In base 3, what is -12 - -2211?
2122
In base 2, what is -100000001 + -1111011?
-101111100
In base 10, what is 27 - -5?
32
In base 14, what is -d - 9?
-18
In base 16, what is 0 - -63?
63
In base 15, what is 8285 + -4?
8281
In base 12, what is 3 - 69?
-66
In base 7, what is -501 + -1?
-502
In base 5, what is -3 - -2330?
2322
In base 3, what is -12 - 10120?
-10202
In base 3, what is 222 + -212?
10
In base 12, what is -10 - -404?
3b4
In base 16, what is -21 + 22?
1
In base 13, what is 185 + b?
193
In base 8, what is 164 - 2?
162
In base 2, what is -1111 + 1010?
-101
In base 10, what is -1 + 386?
385
In base 16, what is -44 - -5?
-3f
In base 5, what is 4 - 332?
-323
In base 4, what is -131 - -11?
-120
In base 2, what is -101000110 + 11?
-101000011
In base 13, what is 1 - -22?
23
In base 16, what is -9 + -e?
-17
In base 6, what is 3 - 22312?
-22305
In base 8, what is 144 - 7?
135
In base 11, what is 1716 + -4?
1712
In base 4, what is 113 - -133?
312
In base 16, what is 4 - 110?
-10c
In base 3, what is 0 - 22102201?
-22102201
In base 14, what is 3 - -7d?
82
In base 14, what is 2 - -2c?
30
In base 8, what is 1 + 331?
332
In base 13, what is 54 + -4?
50
In base 12, what is -5 - 342?
-347
In base 8, what is -3 - 11210?
-11213
In base 11, what is -395 + 55?
-340
In base 4, what is 20 - -21?
101
In base 15, what is -b4c + -4?
-b51
In base 14, what is -1 + 295?
294
In base 9, what is -4035 + 4?
-4031
In base 9, what is -4 + 82?
77
In base 6, what is 135 + 123?
302
In base 3, what is -1020 - 12012?
-20102
In base 8, what is 127 + 35?
164
In base 9, what is -355 + 1?
-354
In base 4, what is 20 - 122333?
-122313
In base 4, what is -2 + -1131?
-1133
In base 10, what is -2 + 25?
23
In base 11, what is -138 + 13?
-125
In base 16, what is -d8 - -3?
-d5
In base 2, what is -10100 + -11?
-10111
In base 13, what is 0 - 112?
-112
In base 12, what is -1 - 8a?
-8b
In base 7, what is -6 - -10?
1
In base 15, what is -19 - -1?
-18
In base 4, what is -2 - 2000310?
-2000312
In base 5, what is 32220 + -3?
32212
In base 6, what is 210 + 5?
215
In base 3, what is -20 + -12102200?
-12102220
In base 5, what is 20032 + -2?
20030
In base 13, what is -a6 - 5?
-ab
In base 15, what is bbe - 0?
bbe
In base 10, what is -1451 - 0?
-1451
In base 16, what is 4 - -1973?
1977
In base 2, what is 101001110 - -10?
101010000
In base 10, what is -1 - 40?
-41
In base 16, what is -20d7 + 1?
-20d6
In base 7, what is 1242 + 4?
1246
In base 10, what is 22 - -8?
30
In base 11, what is -97 - 0?
-97
In base 2, what is 11010011110000 + -10?
11010011101110
In base 13, what is 609 + -1?
608
In base 13, what is -41 - 5?
-46
In base 10, what is 0 + 61?
61
In base 13, what is -28 + ac?
84
In base 11, what is 85 - 6?
7a
In base 7, what is -4 - 11?
-15
In base 3, what is 21221120 - 10?
21221110
In base 6, what is 300 - -15?
315
In base 3, what is -1222201 + 0?
-1222201
In base 6, what is 5105 - -4?
5113
In base 3, what is -20 - 1011?
-1101
In base 10, what is 534 + 3?
537
In base 15, what is 0 - -2?
2
In base 8, what is -1523 - -25?
-1476
In base 13, what is 5 + 197?
19c
In base 15, what is 8 - 12?
-9
In base 6, what is 1 - -344?
345
In base 8, what is 11 - 15?
-4
In base 15, what is -4 + -1c2b?
-1c30
In base 9, what is 158 + 0?
158
In base 15, what is 174 + 2b?
1a0
In base 13, what is 44 + 14?
58
In base 8, what is 1041 + 7?
1050
In base 9, what is 158 - -2?
161
In base 4, what is -20 - 0?
-20
In base 3, what is 1021 - 1101?
-10
In base 14, what is -107 - -1?
-106
In base 6, what is 20 + -54?
-34
In base 13, what is -2 - -629?
627
In base 6, what is 3 + 15421?
15424
In base 3, what is 0 + -10211?
-10211
In base 14, what is -b - -83?
76
In base 12, what is 0 - 23a?
-23a
In base 12, what is 6 - 101?
-b7
In base 13, what is -3 - -3a7?
3a4
In base 15, what is -1 - 51?
-52
In base 3, what is -1 - 121020?
-121021
In base 13, what is 0 - 26?
-26
In base 7, what is 1 - -26?
30
In base 12, what is -8a - b?
-99
In base 4, what is -13000 + -1?
-13001
In base 12, what is 499 - 1?
498
In base 9, what is 13742 - 5?
13736
In base 13, what is 0 - -c1?
c1
In base 11, what is -4482 - -3?
-447a
In base 8, what is -1447 - 15?
-1464
In base 7, what is -5 - 101?
-106
In base 15, what is b + -348?
-33c
In base 2, what is -1101 + 1000001?
110100
In base 5, what is 4 + -330?
-321
In base 15, what is -83 - 3?
-86
In base 15, what is -8 - -29a?
292
In base 8, what is -17 + 1124?
1105
In base 7, what is -34 - -1355?
1321
In base 15, what is -5 - c44?
-c49
In base 5, what is 31 + -2431?
-2400
In base 10, what is 675 - 1?
674
In base 12, what is 94 - -4?
98
In base 4, what is 